/2 + 2*m - 36. What is g(-1)?
9
Let r = 410 + -411. Let n(c) = -4*c**3 + 9*c + 8. Calculate n(r).
3
Let i(w) = 5*w**3 - 2*w**2 + 3*w - 9. Let s(d) = 3*d**3 - d**2 + 2*d - 5. Let j(r) = -4*i(r) + 7*s(r). Let u be -4 - ((-2)/7 + 60/(-35)). Give j(u).
-7
Let p(h) be the first derivative of -1/3*h**3 - 4*h + 5 + 5/2*h**2. Let v(i) be the first derivative of p(i). Give v(6).
-7
Let t be 1/((-15)/(-9) - 2). Let j(s) = -16*s - 1 + 5*s + 8*s + 8*s + 2*s. What is j(t)?
-22
Let o = 173 + -167. Suppose 4*u = -2*n + 14, -2*u + 4 = -2*n - 0. Let z(b) = -3 - b - u*b + 5*b. Calculate z(o).
3
Let b(n) = -3*n + 8 - 108*n**3 + 109*n**3 - 8*n**2 + 7*n. Give b(7).
-13
Let f(k) = 1. Suppose o = -4*j - 5, -4*o + 0*o + 5*j = -22. Let z(d) = -d**3 + 7*d**2 - 6*d - 5. Let q(a) = o*f(a) - z(a). Calculate q(6).
8
Let m(k) = -22 + 24*k - 19 - 27*k. Calculate m(-19).
16
Suppose 3*r - r - 92 = 0. Let y be r/8 - 3/4. Let f(p) = p**2 - 4*p - 6. Determine f(y).
-1
Let d(s) = s**3 - 6*s**2 + 7*s - 3. Let k(t) = -5*t**3 - t**2 - 3*t - 2. Let n be k(-1). Determine d(n).
7
Let w(a) = -8*a - 61 + 114 - 3*a**2 - a**3 - 3*a**2 - 57. Calculate w(-5).
11
Let p(b) be the first derivative of -5*b + 1/2*b**2 + 24. Give p(5).
0
Let b(l) = -l - 1. Let r be (-2)/(-9) + (-174)/108*2. Let j be (19 + -1)*r/(-9). Calculate b(j).
-7
Let a(w) = -w**3 + w**2 - 2*w + 3. Suppose -65 + 77 = 4*y. Give a(y).
-21
Let k(m) = -2*m. Let g = -2 - 22. Let x = -26 - g. Calculate k(x).
4
Let b(s) = -110*s + 109*s + 1 - 1 - 7. Let d be b(-15). Let g(y) = y - y - y**2 + d + y. Determine g(0).
8
Let c(d) = 3*d**2 - 5*d + 5. Let r be 36/60 - 21/(-15). What is c(r)?
7
Let n(c) = c**2 + 3*c - 2. Suppose 32 = -12*p - 4. Let l(f) = -2*f**2 - 5*f + 5. Let v(m) = p*l(m) - 5*n(m). Calculate v(4).
11
Let i(z) = -z - 8. Let n be (4 + (-14)/(-4))/(18/(-24)). What is i(n)?
2
Let m(w) = -w**3 + w**2 - w + 1. Let a(r) = -r**3 - 9*r**2 + 10*r + 4. Let v be a(-10). Suppose v = 4*l - 0. Suppose -o = -2*o + l. What is m(o)?
0
Let a(k) be the second derivative of -k**6/120 + k**5/12 + 5*k**4/24 - k**3/6 - 17*k**2/2 - 23*k. Let l(o) be the first derivative of a(o). What is l(6)?
-7
Suppose -12 = -3*g + 6. Let u = g - 0. Let m(o) be the third derivative of -o**6/120 + 7*o**5/60 - o**4/4 - 4*o**3/3 + 7*o**2 + o. What is m(u)?
-8
Let v be 75/3*2/5. Let h(l) = l + 6. Let p be h(-6). Suppose p*x + v = -2*x. Let w(i) = -i**2 - 3*i - 4. Give w(x).
-14
Let d(y) = -1735*y + 12 - 1729*y + 3465*y. What is d(-7)?
5
Let l be 18/(1/((-8)/(-12))). Let t(i) = i**2 - 12*i + 6. What is t(l)?
6
Let o(w) be the third derivative of -w**6/120 + 11*w**5/60 + w**4/24 - 5*w**3/6 + w**2 + 30. Determine o(11).
6
Suppose -8058 = 11*o - 8036. Let b(j) be the second derivative of j**4/6 + j**3/2 + j**2/2 + 2*j. Give b(o).
3
Let x(z) = -6*z**3 - z - 1. Let m = 2 - -6. Let l(t) = -t**2 + 9*t - 9. Let b be l(m). Let s be x(b). Let o(j) = j + 2. Give o(s).
8
Suppose 2 = g + 1. Let h(y) = g + 16*y - 14*y - 8. Calculate h(5).
3
Let i(g) = -g**3 - 5*g**2 + 10. Let q be i(-5). Let m(w) = 81*w + 2*w**2 + q - 41*w - 46*w - 3*w**2. Determine m(-7).
3
Let g(o) = o**2 + o - 4. Let m(n) = -n**2 - 9*n - 11. Let s be m(-8). Give g(s).
2
Let x(t) = -t + 2. Let z(l) = 2*l - 4. Let c = -10 - -7. Let i be 2/((-19)/(-7) + -3). Let n(f) = c*z(f) + i*x(f). Give n(-6).
-8
Let b(f) be the first derivative of -7 + 10*f - 1/2*f**2. Determine b(0).
10
Suppose w - 3 - 3 = 0. Let s = -4 + w. Let o(q) = 0*q - 4*q**2 - 1 + 23*q**2 - 13*q**s - 2*q. What is o(-1)?
7
Let z(b) be the third derivative of -b**7/840 - b**6/360 + b**5/120 - 5*b**4/8 + 7*b**2. Let m(h) be the second derivative of z(h). Give m(1).
-4
Let m(x) be the second derivative of x**5/30 - x**4/8 + x**3/2 + 5*x**2/2 + 7*x. Let c(y) be the first derivative of m(y). Determine c(2).
5
Let a be -4 + 1 + 3 - (-7 + 14). Let c(x) = -5*x - 16. Give c(a).
19
Let i be 2 + 5 - (-13 - -17). Let u(q) = 14*q**2 - 1 + q**i - 20*q**2 + 2 - q. What is u(6)?
-5
Let z(w) = -4*w + 2. Let v(d) = 4*d - 2. Suppose -4*m - 2*r = -16, r = -m + 4*m - 17. Let f(k) = m*v(k) + 4*z(k). Let c = 10 + -7. Determine f(c).
10
Let p be (20/(-6))/((-4)/(-18)). Let z(i) = i**3 + 16*i**2 + 14*i - 3. Determine z(p).
12
Let i(t) be the second derivative of -t**6/120 - t**5/12 - t**4/8 + t**3/6 + 13*t**2 - 21*t. Let m(l) be the first derivative of i(l). Calculate m(-5).
16
Let c be ((-2)/(-1))/2*2. Let v(r) = -11*r + 73*r**2 + c*r - 72*r**2 - 13. Determine v(9).
-13
Suppose -2*p = p - 3. Let i(z) be the second derivative of z - 2/3*z**3 + 0 + 0*z**2. Give i(p).
-4
Let f be (3 - 2)/(2/10). Suppose -f = 3*u - 2*u. Let i(r) = 5*r**2 + 6*r + 11. Let t(x) = 4*x**2 + 6*x + 9. Let d(j) = 3*i(j) - 4*t(j). What is d(u)?
2
Let b(t) = -t**2 - 14*t - 50. Let a be b(-6). Let g(x) = -1. Let u(y) = 2*y + 11. Let o(f) = -44*g(f) - 4*u(f). Calculate o(a).
16
Let h = -65 - -70. Let g(c) be the first derivative of c**4/4 - 2*c**3 + 5*c**2/2 - 7*c + 3. Give g(h).
-7
Let m(v) be the second derivative of -v**5/20 + v**4 + 2*v**3 + 6*v**2 - 26*v. Give m(13).
-1
Let n(c) = c**2 + 6*c - 1. Let z = -208 + 203. Give n(z).
-6
Suppose 0 = k + 5*n + 6, -7 + 4 = 5*k - 2*n. Let l be (0/(-3) - -2) + 0. Let o(b) = b**3 + 13*b**2 - 14*b**l - 4*b**3. What is o(k)?
2
Let r(m) = -7*m - 13. Let h(u) be the second derivative of -u**3/2 - 3*u**2 - 12*u. Let x(y) = -5*h(y) + 2*r(y). Give x(-5).
-1
Let i be (24/30)/((-4)/10). Let s(a) = a**2 - a + 1. Let b(m) = -3*m**2 - 3*m - 5. Let o = 5 + -7. Let y(n) = o*s(n) - b(n). Calculate y(i).
-3
Let u(a) = 19*a**2 + a**3 - 3*a**2 - 9*a**2 + 1 + 8*a + 7. Give u(-6).
-4
Let m(u) be the first derivative of -2/3*u**3 + 2*u + u**2 - 2. Suppose 0 = -3*a - 2*a + 15. Calculate m(a).
-10
Suppose -5*n + 8 = -a - 12, -4*a = -3*n + 29. Let k(i) = -5*i - 5. Calculate k(a).
20
Suppose -27*f = 25*f - 52. Let i(g) = -8*g**2 - g. What is i(f)?
-9
Let m(j) = 2*j - 2. Suppose c + 40 = 6*c. Let x = c - 12. Give m(x).
-10
Let l(f) = -f**3 + f**2 + 2*f - 7. Let o be l(2). Let c(b) = b + 8. Give c(o).
1
Let h be (-1 - (-6 + 3))*(5 + -3). Suppose -48 = h*b - 28. Let l(y) = -2*y - 4. Determine l(b).
6
Let x(z) = -z**2 + 11. Let r be x(0). Let a(p) = 2*p - 1. Let s(h) = 4*h - 1. Let o(g) = -8*g + 18. Let t be o(3). Let j(b) = r*a(b) + t*s(b). Determine j(-5).
5
Let x(k) = -k**3 + 4*k**2 + 8*k - 4. Let h be ((-9)/5)/(1/(-5)). Let f = -3 + h. Suppose 5 = i + 3*j, -5*j = -f*i + i + 25. Give x(i).
11
Let g(m) = -34*m + 24. Let x(d) = 18*d - 13. Let f(o) = 6*g(o) + 11*x(o). Determine f(3).
-17
Let d(i) be the first derivative of -i**4/4 - 5*i**3/3 + 3*i**2 - 8*i - 346. What is d(-6)?
-8
Let b(c) = -49*c**2 - 10 - 33*c**2 + 127*c**2 - c**3 - 36*c**2 - 7*c. Give b(7).
39
Let c(w) = w + 2. Let a(j) = 16*j + 9 - 4 - 13*j. Let x(z) = 3*a(z) - 7*c(z). Determine x(-3).
-5
Let m(t) = t**2 + 7*t. Let l(c) = 5*c**3 - 4*c**2 + 4*c**2 - c - 2*c**2. Suppose 3*u + 182 = 179. Let x be l(u). Determine m(x).
-6
Let g be -3*(-4)/(-12)*-4. Let y be g/(-8)*14 + 1. Let k(l) = l**3 + 7*l**2 + 6*l - 3. Give k(y).
-3
Let o = -19 - -24. Let g(s) = -o*s + 7*s - 5 - 3*s. Give g(-4).
-1
Let t(b) be the first derivative of -1/2*b**2 - 7*b + 3. Let q be t(-6). Let w(i) = -4*i**3 - 2*i**2 + 1. What is w(q)?
3
Suppose 0 = -2*c + 3*q - 19, 121*q - 116*q - 25 = 0. Let n(z) = -3 + 1 + 2*z + 0*z. Let k(v) = -1. Let g(u) = -4*k(u) + n(u). Calculate g(c).
-2
Let w = 30 - 28. Let p(t) = 0*t - t**w - 7*t - 13 + 5 - t. Give p(-6).
4
Let g(h) = 2. Let f(t) = 3*t - 2. Let j(d) = -f(d) - 2*g(d). Determine j(8).
-26
Let j(f) = 2*f + 970*f**2 + f**3 - 488*f**2 - 486*f**2. Calculate j(2).
-4
Let i(h) be the second derivative of -4*h + 0 - 1/6*h**3 - 1/2*h**2. Let p be 21/(-6) - 4/8. Give i(p).
3
Suppose -5*n = -4*n + 2. Let r(a) be the third derivative of a**8/10080 + a**6/360 - a**5/60 + 6*a**2. Let w(j) be the third derivative of r(j). Calculate w(n).
10
Let k be (-3)/(-5)*1*(2 - -3). Let y(s) = 2*s**2 + 5*s + 3. Let f(x) = 2*x**2 + 6*x + 4. Let b(o) = k*f(o) - 4*y(o). Calculate b(2).
-12
Let a(y) = y**3 - 10*y**2 + 8*y + 5. Let d be (403 + -405)/(-1*4/18). Give a(d).
-4
Let c(i) = i**3 + 8*i**2 + 7*i - 5. Let l be c(-7). Let m(y) = 6 - 6 - 1 - y**3 - 5*y**2 - y. Determine m(l).
4
Let t = -7810 + 7811. Let u(b) = 2*b**3 - 2*b**2 + 2*b - 3.